{"id":223,"date":"2024-07-23T20:36:15","date_gmt":"2024-07-23T17:36:15","guid":{"rendered":"https:\/\/gunmil.fi\/?post_type=product&#038;p=223"},"modified":"2024-07-26T22:23:21","modified_gmt":"2024-07-26T19:23:21","slug":"bernardelli-22lr","status":"publish","type":"product","link":"https:\/\/gunmil.fi\/?product=bernardelli-22lr","title":{"rendered":"Bernardelli, .22LR"},"content":{"rendered":"<p>Italialainen n\u00e4kemys pienoisrevolverista. K\u00e4ytetty. Pienirunkoinen, kevyt ase, joka koeammunnassa osoittautui aivan hyv\u00e4ksi ammuttavaksi 25 metriin. Laukaisukin on hyv\u00e4. K\u00e4yt\u00f6n j\u00e4lki\u00e4 aseesta l\u00f6ytyy, mutta yleisilme viel\u00e4 aivan hyv\u00e4. Piipussa oli pieni nitkuva v\u00e4lys, joka on tiivistetty kierrelukitteella&#8230;ei nitku en\u00e4\u00e4. Kahvalevyjen etualakulmasta veistetty v\u00e4h\u00e4n puuta pois, n\u00e4ht\u00e4v\u00e4sti kulma oli painanut entisen omistajan pikkusormeen.<\/p>\n<p>&#8211; kaliiperi .22 LR<\/p>\n<p>&#8211; toimintatapa TT2 lippaallinen kertatuli<\/p>\n<p>&#8211; kaksitoiminen<\/p>\n<p>&#8211; 6 patruunan rulla<\/p>\n<p>&#8211; piipun pituus 150 mm<\/p>\n<p>&#8211; korkeus- ja sivusuunnassa s\u00e4\u00e4dett\u00e4v\u00e4 takat\u00e4ht\u00e4in<\/p>\n<p>T\u00c4M\u00c4 TUOTE ON LUVANVARAINEN. KATSO OHJE LUVANVARAISEN TUOTTEEN TILAAMISEEN SIVUN VASEMMASTA ALAREUNASTA KOHDASTA &#8221;VERKKOKAUPAN K\u00c4YTT\u00d6EHDOT&#8221;.<\/p>\n","protected":false},"excerpt":{"rendered":"<p>Italialainen n\u00e4kemys pienoisrevolverista. K\u00e4ytetty. Pienirunkoinen, kevyt ase, joka koeammunnassa osoittautui aivan hyv\u00e4ksi ammuttavaksi 25 metriin. Laukaisukin on hyv\u00e4. K\u00e4yt\u00f6n j\u00e4lki\u00e4 aseesta l\u00f6ytyy, mutta yleisilme viel\u00e4 aivan hyv\u00e4. Piipussa oli pieni nitkuva v\u00e4lys, joka on tiivistetty kierrelukitteella&#8230;ei nitku en\u00e4\u00e4. Kahvalevyjen etualakulmasta veistetty v\u00e4h\u00e4n puuta pois, n\u00e4ht\u00e4v\u00e4sti kulma oli painanut entisen omistajan pikkusormeen. &#8211; kaliiperi .22 LR [&hellip;]<\/p>\n","protected":false},"featured_media":224,"template":"","meta":[],"product_brand":[],"product_cat":[35],"product_tag":[38,76,37],"class_list":{"0":"post-223","1":"product","2":"type-product","3":"status-publish","4":"has-post-thumbnail","6":"product_cat-pienoispistoolit-ja-revolverit","7":"product_tag-22-lr","8":"product_tag-bernardelli","9":"product_tag-pienoisrevolveri","10":"product_shipping_class-gun","12":"first","13":"instock","14":"taxable","15":"shipping-taxable","16":"purchasable","17":"product-type-simple"},"_links":{"self":[{"href":"https:\/\/gunmil.fi\/index.php?rest_route=\/wp\/v2\/product\/223","targetHints":{"allow":["GET"]}}],"collection":[{"href":"https:\/\/gunmil.fi\/index.php?rest_route=\/wp\/v2\/product"}],"about":[{"href":"https:\/\/gunmil.fi\/index.php?rest_route=\/wp\/v2\/types\/product"}],"wp:featuredmedia":[{"embeddable":true,"href":"https:\/\/gunmil.fi\/index.php?rest_route=\/wp\/v2\/media\/224"}],"wp:attachment":[{"href":"https:\/\/gunmil.fi\/index.php?rest_route=%2Fwp%2Fv2%2Fmedia&parent=223"}],"wp:term":[{"taxonomy":"product_brand","embeddable":true,"href":"https:\/\/gunmil.fi\/index.php?rest_route=%2Fwp%2Fv2%2Fproduct_brand&post=223"},{"taxonomy":"product_cat","embeddable":true,"href":"https:\/\/gunmil.fi\/index.php?rest_route=%2Fwp%2Fv2%2Fproduct_cat&post=223"},{"taxonomy":"product_tag","embeddable":true,"href":"https:\/\/gunmil.fi\/index.php?rest_route=%2Fwp%2Fv2%2Fproduct_tag&post=223"}],"curies":[{"name":"wp","href":"https:\/\/api.w.org\/{rel}","templated":true}]}}