{"id":211,"date":"2024-07-22T15:33:50","date_gmt":"2024-07-22T12:33:50","guid":{"rendered":"https:\/\/gunmil.fi\/?post_type=product&#038;p=211"},"modified":"2026-03-14T15:49:42","modified_gmt":"2026-03-14T13:49:42","slug":"fn-22-lr","status":"publish","type":"product","link":"https:\/\/gunmil.fi\/?product=fn-22-lr","title":{"rendered":"FN, .22 LR   VARATTU"},"content":{"rendered":"<p>Laadukas, FN:n tehtaalla Belgiassa valmistettu harjoitusk\u00e4ytt\u00f6\u00f6n ja pikku kisoihinkin soveltuva pienoispistooli. K\u00e4ytetty ase. Kunto hyv\u00e4, vain v\u00e4h\u00e4isi\u00e4 k\u00e4yt\u00f6n j\u00e4lki\u00e4. Yhdell\u00e4 lippaalla.<\/p>\n<p>&#8211; kaliiperi .22 LR<\/p>\n<p>&#8211; toimintatapa TT3 itselataava kertatuli<\/p>\n<p>&#8211; yksitoiminen<\/p>\n<p>&#8211; piipun pituus 150 mm<\/p>\n<p>&#8211; korkeus- ja sivusuunnassa s\u00e4\u00e4dett\u00e4v\u00e4 takat\u00e4ht\u00e4in<\/p>\n<p>T\u00c4M\u00c4 TUOTE ON LUVANVARAINEN. KATSO OHJE LUVANVARAISEN TUOTTEEN TILAAMISEEN SIVUN VASEMMASTA ALAREUNASTA KOHDASTA &#8221;VERKKOKAUPAN K\u00c4YTT\u00d6EHDOT&#8221;.<\/p>\n","protected":false},"excerpt":{"rendered":"<p>Laadukas, FN:n tehtaalla Belgiassa valmistettu harjoitusk\u00e4ytt\u00f6\u00f6n ja pikku kisoihinkin soveltuva pienoispistooli. K\u00e4ytetty ase. Kunto hyv\u00e4, vain v\u00e4h\u00e4isi\u00e4 k\u00e4yt\u00f6n j\u00e4lki\u00e4. Yhdell\u00e4 lippaalla. &#8211; kaliiperi .22 LR &#8211; toimintatapa TT3 itselataava kertatuli &#8211; yksitoiminen &#8211; piipun pituus 150 mm &#8211; korkeus- ja sivusuunnassa s\u00e4\u00e4dett\u00e4v\u00e4 takat\u00e4ht\u00e4in T\u00c4M\u00c4 TUOTE ON LUVANVARAINEN. KATSO OHJE LUVANVARAISEN TUOTTEEN TILAAMISEEN SIVUN VASEMMASTA ALAREUNASTA [&hellip;]<\/p>\n","protected":false},"featured_media":212,"template":"","meta":[],"product_brand":[],"product_cat":[35],"product_tag":[38,71,72],"class_list":{"0":"post-211","1":"product","2":"type-product","3":"status-publish","4":"has-post-thumbnail","6":"product_cat-pienoispistoolit-ja-revolverit","7":"product_tag-22-lr","8":"product_tag-fn","9":"product_tag-pienoispistooli","10":"product_shipping_class-gun","12":"first","13":"outofstock","14":"taxable","15":"shipping-taxable","16":"purchasable","17":"product-type-simple"},"_links":{"self":[{"href":"https:\/\/gunmil.fi\/index.php?rest_route=\/wp\/v2\/product\/211","targetHints":{"allow":["GET"]}}],"collection":[{"href":"https:\/\/gunmil.fi\/index.php?rest_route=\/wp\/v2\/product"}],"about":[{"href":"https:\/\/gunmil.fi\/index.php?rest_route=\/wp\/v2\/types\/product"}],"wp:featuredmedia":[{"embeddable":true,"href":"https:\/\/gunmil.fi\/index.php?rest_route=\/wp\/v2\/media\/212"}],"wp:attachment":[{"href":"https:\/\/gunmil.fi\/index.php?rest_route=%2Fwp%2Fv2%2Fmedia&parent=211"}],"wp:term":[{"taxonomy":"product_brand","embeddable":true,"href":"https:\/\/gunmil.fi\/index.php?rest_route=%2Fwp%2Fv2%2Fproduct_brand&post=211"},{"taxonomy":"product_cat","embeddable":true,"href":"https:\/\/gunmil.fi\/index.php?rest_route=%2Fwp%2Fv2%2Fproduct_cat&post=211"},{"taxonomy":"product_tag","embeddable":true,"href":"https:\/\/gunmil.fi\/index.php?rest_route=%2Fwp%2Fv2%2Fproduct_tag&post=211"}],"curies":[{"name":"wp","href":"https:\/\/api.w.org\/{rel}","templated":true}]}}