{"id":189,"date":"2024-07-22T00:59:26","date_gmt":"2024-07-21T21:59:26","guid":{"rendered":"https:\/\/gunmil.fi\/?post_type=product&#038;p=189"},"modified":"2024-07-26T22:26:39","modified_gmt":"2024-07-26T19:26:39","slug":"cz-550-safari-magnum-458-lott","status":"publish","type":"product","link":"https:\/\/gunmil.fi\/?product=cz-550-safari-magnum-458-lott","title":{"rendered":"CZ 550 Safari Magnum .458 Lott"},"content":{"rendered":"<p>Tsekkil\u00e4inen suurriistakiv\u00e4\u00e4ri kaliiperissa .458 Lott. Aseella voi ampua my\u00f6s &#8221;kevyempi\u00e4&#8221; .458 Win Mag patruunoita. K\u00e4ytetty tuote, mutta uuden veroinen, tukissa joitakin v\u00e4h\u00e4isi\u00e4 k\u00e4sittelyn aiheuttamia j\u00e4lki\u00e4. Takat\u00e4ht\u00e4in kolmilehtinen expressmalli.<\/p>\n<p>&#8211; kaliiperi .458 Lott<\/p>\n<p>&#8211; toimintatapa TT 2 lippaallinen kertatuli<\/p>\n<p>&#8211; piipun pituus 650 mm<\/p>\n<p>T\u00c4M\u00c4 TUOTE ON LUVANVARAINEN. KATSO OHJE LUVANVARAISEN TUOTTEEN TILAAMISEEN SIVUN VASEMMASTA ALAREUNASTA KOHDASTA &#8221;VERKKOKAUPAN K\u00c4YTT\u00d6EHDOT&#8221;.<\/p>\n","protected":false},"excerpt":{"rendered":"<p>Tsekkil\u00e4inen suurriistakiv\u00e4\u00e4ri kaliiperissa .458 Lott. Aseella voi ampua my\u00f6s &#8221;kevyempi\u00e4&#8221; .458 Win Mag patruunoita. K\u00e4ytetty tuote, mutta uuden veroinen, tukissa joitakin v\u00e4h\u00e4isi\u00e4 k\u00e4sittelyn aiheuttamia j\u00e4lki\u00e4. Takat\u00e4ht\u00e4in kolmilehtinen expressmalli. &#8211; kaliiperi .458 Lott &#8211; toimintatapa TT 2 lippaallinen kertatuli &#8211; piipun pituus 650 mm T\u00c4M\u00c4 TUOTE ON LUVANVARAINEN. KATSO OHJE LUVANVARAISEN TUOTTEEN TILAAMISEEN SIVUN VASEMMASTA ALAREUNASTA [&hellip;]<\/p>\n","protected":false},"featured_media":190,"template":"","meta":[],"product_brand":[],"product_cat":[22],"product_tag":[62,61,23],"class_list":{"0":"post-189","1":"product","2":"type-product","3":"status-publish","4":"has-post-thumbnail","6":"product_cat-kivaarit","7":"product_tag-62","8":"product_tag-cz","9":"product_tag-kivaari","10":"product_shipping_class-gun","12":"first","13":"instock","14":"taxable","15":"shipping-taxable","16":"purchasable","17":"product-type-simple"},"_links":{"self":[{"href":"https:\/\/gunmil.fi\/index.php?rest_route=\/wp\/v2\/product\/189","targetHints":{"allow":["GET"]}}],"collection":[{"href":"https:\/\/gunmil.fi\/index.php?rest_route=\/wp\/v2\/product"}],"about":[{"href":"https:\/\/gunmil.fi\/index.php?rest_route=\/wp\/v2\/types\/product"}],"wp:featuredmedia":[{"embeddable":true,"href":"https:\/\/gunmil.fi\/index.php?rest_route=\/wp\/v2\/media\/190"}],"wp:attachment":[{"href":"https:\/\/gunmil.fi\/index.php?rest_route=%2Fwp%2Fv2%2Fmedia&parent=189"}],"wp:term":[{"taxonomy":"product_brand","embeddable":true,"href":"https:\/\/gunmil.fi\/index.php?rest_route=%2Fwp%2Fv2%2Fproduct_brand&post=189"},{"taxonomy":"product_cat","embeddable":true,"href":"https:\/\/gunmil.fi\/index.php?rest_route=%2Fwp%2Fv2%2Fproduct_cat&post=189"},{"taxonomy":"product_tag","embeddable":true,"href":"https:\/\/gunmil.fi\/index.php?rest_route=%2Fwp%2Fv2%2Fproduct_tag&post=189"}],"curies":[{"name":"wp","href":"https:\/\/api.w.org\/{rel}","templated":true}]}}