{"id":178,"date":"2024-07-21T17:23:14","date_gmt":"2024-07-21T14:23:14","guid":{"rendered":"https:\/\/gunmil.fi\/?post_type=product&#038;p=178"},"modified":"2026-02-08T13:54:59","modified_gmt":"2026-02-08T11:54:59","slug":"winchester-m-1890-22-lr","status":"publish","type":"product","link":"https:\/\/gunmil.fi\/?product=winchester-m-1890-22-lr","title":{"rendered":"Winchester M\/1890 .22 LR VARATTU"},"content":{"rendered":"<p>Winchesterin vuonna 1919 valmistama pumppupiekkari. Numeroidut osat ovat samalla numerolla. Ase on siev\u00e4 katsella, mutta se on uudelleen sinistetty ja tukitkin uudelleen lakattu. Sellaisenaan kuitenkin hyv\u00e4kuntoinen. Hihnalenkit on lis\u00e4tty my\u00f6hemmin. Takat\u00e4ht\u00e4imest\u00e4 puuttuu pieni ruuvi, jolla voidaan s\u00e4\u00e4t\u00e4\u00e4 korotusta, etut\u00e4ht\u00e4int\u00e4 voi siirt\u00e4\u00e4 sivusuuntaan lohenpyrst\u00f6urassaan. Piippu sis\u00e4lt\u00e4 ik\u00e4isekseen oikeinkin hyv\u00e4. Teknisesti toimiva, ampumakuntoinen ase.<\/p>\n<p>&#8211; kaliiperi .22 Long Rifle<\/p>\n<p>&#8211; toimintatapa TT 2 lippaallinen kertatuli<\/p>\n<p>&#8211;\u00a0 putkimakasiini<\/p>\n<p>T\u00c4M\u00c4 TUOTE ON LUVANVARAINEN. KATSO OHJE LUVANVARAISEN TUOTTEEN TILAAMISEEN SIVUN VASEMMASTA ALAREUNASTA KOHDASTA &#8221;VERKKOKAUPAN K\u00c4YTT\u00d6EHDOT&#8221;.<\/p>\n","protected":false},"excerpt":{"rendered":"<p>Winchesterin vuonna 1919 valmistama pumppupiekkari. Numeroidut osat ovat samalla numerolla. Ase on siev\u00e4 katsella, mutta se on uudelleen sinistetty ja tukitkin uudelleen lakattu. Sellaisenaan kuitenkin hyv\u00e4kuntoinen. Hihnalenkit on lis\u00e4tty my\u00f6hemmin. Takat\u00e4ht\u00e4imest\u00e4 puuttuu pieni ruuvi, jolla voidaan s\u00e4\u00e4t\u00e4\u00e4 korotusta, etut\u00e4ht\u00e4int\u00e4 voi siirt\u00e4\u00e4 sivusuuntaan lohenpyrst\u00f6urassaan. Piippu sis\u00e4lt\u00e4 ik\u00e4isekseen oikeinkin hyv\u00e4. Teknisesti toimiva, ampumakuntoinen ase. &#8211; kaliiperi .22 [&hellip;]<\/p>\n","protected":false},"featured_media":179,"template":"","meta":[],"product_brand":[],"product_cat":[50,48],"product_tag":[38,56,57,55],"class_list":{"0":"post-178","1":"product","2":"type-product","3":"status-publish","4":"has-post-thumbnail","6":"product_cat-kerailyaseet","7":"product_cat-pienoiskivaarit","8":"product_tag-22-lr","9":"product_tag-pienoiskivaari","10":"product_tag-pumppu","11":"product_tag-winchester","12":"product_shipping_class-gun","14":"first","15":"instock","16":"taxable","17":"shipping-taxable","18":"purchasable","19":"product-type-simple"},"_links":{"self":[{"href":"https:\/\/gunmil.fi\/index.php?rest_route=\/wp\/v2\/product\/178","targetHints":{"allow":["GET"]}}],"collection":[{"href":"https:\/\/gunmil.fi\/index.php?rest_route=\/wp\/v2\/product"}],"about":[{"href":"https:\/\/gunmil.fi\/index.php?rest_route=\/wp\/v2\/types\/product"}],"wp:featuredmedia":[{"embeddable":true,"href":"https:\/\/gunmil.fi\/index.php?rest_route=\/wp\/v2\/media\/179"}],"wp:attachment":[{"href":"https:\/\/gunmil.fi\/index.php?rest_route=%2Fwp%2Fv2%2Fmedia&parent=178"}],"wp:term":[{"taxonomy":"product_brand","embeddable":true,"href":"https:\/\/gunmil.fi\/index.php?rest_route=%2Fwp%2Fv2%2Fproduct_brand&post=178"},{"taxonomy":"product_cat","embeddable":true,"href":"https:\/\/gunmil.fi\/index.php?rest_route=%2Fwp%2Fv2%2Fproduct_cat&post=178"},{"taxonomy":"product_tag","embeddable":true,"href":"https:\/\/gunmil.fi\/index.php?rest_route=%2Fwp%2Fv2%2Fproduct_tag&post=178"}],"curies":[{"name":"wp","href":"https:\/\/api.w.org\/{rel}","templated":true}]}}